65. What are the prime factors of -2 + t/2 + 3?
2, 13
Let p(x) = 35*x + 2. Let l(j) = -69*j - 4. Let n(k) = -6*l(k) - 11*p(k). List the prime factors of n(3).
89
Suppose 5*d - 316 = 3*d. Suppose -f - 4*n + 0*n = -68, 2*f - 3*n = d. What are the prime factors of f?
2, 19
Let y(j) = -j**2 - 7*j. Let t be y(-3). Suppose 3 = -3*x + t. Suppose 5*c = 5*u + 55, x*c + 2*u = 14 - 1. List the prime factors of c.
7
Suppose -4*w - 194 = -2*t - 4, 3*w = 4*t - 360. List the prime factors of t.
3, 29
Suppose 4*h - 1499 = 5*m + 1930, -2*m = -2*h + 1370. Let i be ((-2)/(-2))/((-13)/m). Let b = -26 + i. What are the prime factors of b?
3
Let w be 4 + -5 - (-5)/1. Suppose -q - 2*r + 51 = 0, -w*q + 4*r + 192 = -0*q. List the prime factors of q.
7
Suppose -2*j + 256 = -50. What are the prime factors of j?
3, 17
Let o = 6770 - 3805. List the prime factors of o.
5, 593
Suppose -5*u - 448 = 8*b - 9*b, 2*b - 3*u = 861. List the prime factors of b.
3, 47
Suppose 1574 = 6*w + 380. What are the prime factors of w?
199
Let w = -5 - -16. Suppose 3*b - 27 = -4*y, 4*b = -y + w - 1. Let l = y + 8. What are the prime factors of l?
2, 7
List the prime factors of ((-4)/13)/(-2) - 18430/(-26).
709
Let z(g) = g**2 + 4. Let c be z(0). Suppose 594 = c*y + 130. Suppose y = 3*a + 2*h, 150 = 3*a + 5*h + 22. What are the prime factors of a?
2, 3
Let f(v) = 47*v - 64. Let b be f(19). What are the prime factors of 2 + ((-9)/(-12) - b/(-4))?
2, 3, 5, 7
Let j(i) = i + 16. Suppose -28 = 6*n - 2*n. Let b be j(n). List the prime factors of (-132)/18*b/(-2).
3, 11
Let g = 31 - 31. Suppose g = 3*l - 0*l - 84. List the prime factors of l.
2, 7
Suppose -5*n + 3255 = -140. List the prime factors of n.
7, 97
Suppose 5*u - 5*l = 0, 8 = -0*u - 4*u - 4*l. Let c be 4 - 1 - (1 + u). Suppose 0*r + 148 = 5*r - 2*a, -c*r + 68 = 4*a. List the prime factors of r.
2, 7
Let v(w) be the second derivative of w**5/20 + w**4/3 - 5*w**3/2 + 3*w**2 + 2*w. What are the prime factors of v(6)?
2, 3, 23
Let p(k) = -23*k - 1 - 1 + 27*k - 1. What are the prime factors of p(11)?
41
Suppose -11*z - 9926 = -25*z. What are the prime factors of z?
709
Let h(j) = j**2 - 47*j - 80. What are the prime factors of h(55)?
2, 3, 5
Let o(b) = b**2 - 13*b + 17. Let p be o(12). List the prime factors of (-3 - p - -9) + 1*176.
3, 59
List the prime factors of ((-3436)/9)/(212/(-954)).
2, 859
Let i = -773 - -3319. Suppose -i = -15*n + 1444. What are the prime factors of n?
2, 7, 19
Suppose f + 4*k - 1392 = 0, 11*f - 5568 = 7*f - 2*k. What are the prime factors of f?
2, 3, 29
Let f = 78 + -15. Suppose -31 = f*o - 64*o. List the prime factors of o.
31
Let q(p) = -6*p - 2. Let v be (6/(-15))/(1/(-15)). Suppose -4*i = -v*i - 18. What are the prime factors of q(i)?
2, 13
Let w = 22 + -12. List the prime factors of ((-20)/(-8) + -1)/(5/w).
3
Suppose -4*o + 856 = -4*s, 3*o - 3*s = 2*o + 206. Suppose o + 110 = 4*p. List the prime factors of (-7 + 8)/(2/p).
41
Suppose 5*s - 6630 = 4*p, 2*s - 2665 = 97*p - 98*p. List the prime factors of s.
2, 5, 7, 19
Let m(o) = o. Let u(c) = -15*c + 30. Let h(j) = 10*m(j) + u(j). What are the prime factors of h(-17)?
5, 23
What are the prime factors of 2 - (-3 - (-7 + 6))?
2
Suppose 0 = -3*s - 3, 5*s - 67 = -4*v - 0*s. Suppose v*o - 265 = 13*o. What are the prime factors of o?
53
Let z = 33 + -29. Suppose -3*m - 2*f = -0*f + 2, 0 = z*m - 2*f - 16. List the prime factors of m.
2
Let h be 6/((45/(-6))/(-5)). Suppose 6*q = q + b + 113, 0 = -h*b - 12. List the prime factors of q.
2, 11
Let x = -104 - -104. List the prime factors of (-1 - x) + 252/4.
2, 31
Suppose 0*w = -4*w - 4. Let t(n) = -5*n**3 - n**2 + n + 1. Let s be t(w). Suppose 0 = -4*i - s, 2*u + 18 = 6*u + 2*i. List the prime factors of u.
5
Let k(w) be the second derivative of -w**5/60 + 11*w**4/24 - 5*w**3/6 - 4*w**2 + 5*w. Let m(v) be the first derivative of k(v). List the prime factors of m(8).
19
Let r(j) = j**3 + 5*j**2 + 10*j + 4. Let o be r(-3). Let c(m) = m**3 + 9*m**2 + 7*m + 2. List the prime factors of c(o).
2, 5
Let j = 2426 + 1880. What are the prime factors of j?
2, 2153
Suppose 5*c + k + 820 + 185 = 0, k - 995 = 5*c. Let r = c - -434. List the prime factors of r.
2, 3, 13
Let n(s) = -13*s + 29. What are the prime factors of n(-66)?
887
Let y(t) be the second derivative of t**4/6 + 4*t**3/3 + 2*t**2 + t. Suppose -17*f = 95 - 10. List the prime factors of y(f).
2, 7
Suppose -12*m + 7*m = -8610. Let c be (-6)/(-8) - m/(-8). Let z = c + -154. What are the prime factors of z?
2, 31
Let k be 1*3*(2 - 7/(-21)). What are the prime factors of (-14)/k - 83*-1?
3
Let j(k) = -59*k - 3. Suppose x + 5*h = 19, -3*h + 13 = -2*x + x. List the prime factors of j(x).
2, 7
List the prime factors of (-100485)/(-348) + (1/(-1))/(-4).
17
Let d(o) = 2*o**2 - 5. Let j(a) = -3*a**2 + 6. Let h(v) = 6*d(v) + 5*j(v). Let l be h(-1). List the prime factors of 1 + (-24)/9*l.
3
Let o(q) = -7*q + 6. Let n be 4/14 - 1215/63. Let j = n + 14. List the prime factors of o(j).
41
Let n be ((-24)/12)/(1 - 0). Let i be 6/(-4) - 15/n. Suppose -63 = -3*x + 4*o - i*o, -3*x + 5*o = -84. What are the prime factors of x?
23
Let f = -183 + 258. Suppose 2*g = -17 + f. List the prime factors of g.
29
Suppose 2*t + 2*f = -f + 27, 0 = 3*f - 3. Let b = t - 12. Suppose b*m - 48 = -m. List the prime factors of m.
2, 3
Let n be (-2)/15 + (-25268)/(-60). Suppose -3*f = 124 - n. Suppose 0 = 3*a - 0*a - f. What are the prime factors of a?
3, 11
Let v = 40 - 56. Let y be 6/(-8)*v/3. Suppose 0*p - 164 = -4*p - 3*b, -y*b = -5*p + 205. What are the prime factors of p?
41
Suppose -1 = -g + 7. Let z = g + -4. Suppose 5*x - z*y = -y + 240, -3*x + 138 = -3*y. List the prime factors of x.
3, 17
Let o(p) = 3*p**2 - 10*p - 10. Let t(v) = -4*v**2 + 11*v + 11. Let f(u) = -3*o(u) - 2*t(u). List the prime factors of f(8).
2
Suppose -6*r - 33*r = -72657. What are the prime factors of r?
3, 23
Let s(y) = -y**2 + 4*y - 3. Let a be s(3). Suppose -117 = -3*r - a*r. List the prime factors of r.
3, 13
Let i be (1 + -4)*(-5)/(5 + 0). Suppose -i*a + 91 + 173 = 4*z, -3*a - 5*z + 261 = 0. List the prime factors of a.
2, 23
Let n(z) = -3*z - 6. Let w be n(-2). Suppose 3*a + a = g - 122, w = -g - 4*a + 98. What are the prime factors of g?
2, 5, 11
Suppose -3*t - 4*d = 13 - 0, -4*d = -3*t + 19. Suppose -4*m + a + t + 243 = 0, 122 = 2*m + 5*a. Let x = 5 + m. What are the prime factors of x?
2, 3, 11
Suppose -r + 2*r = 182. Let o = r + -128. List the prime factors of o.
2, 3
Let d(z) = z**2 + 3*z - 10. Let m be d(3). Suppose j + 3*l - 5*l - 4 = 0, 2*j + 5*l = -10. Suppose j*b + m = b. List the prime factors of b.
2
Let d = 1098 - 370. What are the prime factors of d?
2, 7, 13
Let v = 12 - 15. Let t be (22/6 + v)*6. Suppose -3*a - 4*o + 12 = -0*a, t = a + 2*o. What are the prime factors of a?
2
Suppose 0 = -2*p - p. Let d be (5/(-10))/((-2)/44). Suppose -3*l - r = r - 19, p = -3*l - 4*r + d. List the prime factors of l.
3
Suppose 28*x + 1456 = 24164. What are the prime factors of x?
811
Suppose 4*s - 235 = -3*r, 3*r + 227 = 6*r + 2*s. Let a = -171 + 303. Let v = a - r. What are the prime factors of v?
59
Suppose -3*o = n - 13, 4*o - 4*n = -n. Suppose -o*r - 4*j = -658, 2*j - 110 = -r + 112. What are the prime factors of r?
2, 107
Let z be (-6)/12*(-3 - -1). Let t be -74*1/(-2) - z. Suppose -4*j + 0*j + t = 0. List the prime factors of j.
3
Let y be ((-2)/(-6))/((-20)/(-180)). Let w be ((-7)/14)/(y/(-294)). Suppose 75 = 2*k - w. List the prime factors of k.
2, 31
Suppose 3*j = -2*j - 2*a + 609, 0 = 2*j - 4*a - 234. What are the prime factors of j?
11
Let x be (-176 - (-6)/(-3)) + 0. Let b = 270 + x. List the prime factors of b.
2, 23
List the prime factors of 21/(-28)*28/(-6)*412.
2, 7, 103
Let y = -35 - -39. Suppose -3*v + 2 = -y. Suppose 55 = v*a + 4*o + 15, 0 = -4*o - 4. What are the prime factors of a?
2, 11
Let w be (-30)/(-4)*7/(49/(-70)). Let a = w + 153. What are the prime factors of a?
2, 3, 13
Suppose -5*p + 2*y - 4*y + 695 = 0, 3*p = -2*y + 417. What are the prime factors of p?
139
Suppose 0 = 8*b - 4*b - 3*x - 941, -4 = -4*x. List the prime factors of b.
2, 59
What are the prime factors of ((-2)/4)/((-2)/1852)?
463
Suppose 3*m - 28 = -226. Let i = m + 89. What are the prime factors of i?
23
Let p(o) = 0 + 4*o + 4 + 4